*r**2 - 1896*r - 9560. Give w(-5).
-130
Let m(x) = -4814*x - 1083147. What is m(-225)?
3
Let v(n) = -7061*n - 3290440. What is v(-466)?
-14
Let h(u) = -3*u**2 - 259*u - 561. What is h(-86)?
-475
Let c(j) = 138*j + 8347. Give c(-79).
-2555
Let p(u) = -192883*u - 964418. What is p(-5)?
-3
Let d(p) = -119147*p - 714932. What is d(-6)?
-50
Let k(h) = -12*h**2 + 847*h + 293. Determine k(71).
-62
Let y(v) = -111*v + 1226. Calculate y(7).
449
Let g(q) = 2292*q + 36691. What is g(-16)?
19
Let d(f) = -1651*f + 5828. Determine d(5).
-2427
Let s(i) = 1524*i + 3142. Give s(-2).
94
Let y(l) = 3*l**2 + 523*l + 6282. Give y(-13).
-10
Let g(r) = -80*r**2 + 37074*r - 37071. Give g(1).
-77
Let a(n) = -n**3 + 528*n**2 + 2664*n + 569. Give a(533).
36
Let f(r) = r**2 - 926*r - 277012. Determine f(-238).
20
Let m(q) = -13*q**2 + 1804*q - 11601. Calculate m(132).
15
Let w(a) = -2*a**3 - 122*a**2 - 1550*a + 3643. What is w(-41)?
-47
Let r(z) = -2*z**2 + 25607*z + 128080. Give r(-5).
-5
Let c(o) = o**3 + 601*o**2 + 13269*o - 538. Calculate c(-23).
37
Let c(j) = 811*j + 16529. Give c(-20).
309
Let k(n) = 236*n - 735. Give k(3).
-27
Let k(l) = l**3 + 10*l**2 - 44*l + 51. What is k(-11)?
414
Let y(n) = -2712*n - 2825911. Calculate y(-1042).
-7
Let l(g) = -g**3 + 93*g**2 - 276*g - 627. Calculate l(90).
-1167
Let i(q) = q**3 + 207*q**2 + 393*q - 3420. Calculate i(-205).
65
Let r(j) = 2*j**3 + 1290*j**2 - 1334*j - 27129. Give r(-646).
3
Let a(z) = 190*z + 19364. Determine a(-102).
-16
Let a(u) = 213*u**2 - 227*u - 455. Calculate a(-2).
851
Let s(w) = -3*w**3 - 5*w**2 - 66*w - 381. Calculate s(-4).
-5
Let y(w) = 4305*w - 77236. Determine y(18).
254
Let o(t) = 9*t**3 + 5*t**2 + 109*t + 474. Determine o(-5).
-1071
Let y(s) = -2*s**3 - 51*s**2 - 410*s - 4652. What is y(-21)?
-11
Let z(p) = -4*p**2 - 2057*p - 170949. Give z(-410).
21
Let i(u) = -9*u**3 + 15*u**2 + 9*u - 13. Determine i(6).
-1363
Let r(m) = 9789*m - 28667. Determine r(3).
700
Let h(r) = -638*r**2 + 50396*r + 476. Give h(79).
2
Let g(u) = -43056*u - 43051. What is g(-1)?
5
Let f(b) = b**2 - 134846*b + 2157287. Give f(16).
7
Let o(v) = -9*v**3 - 582*v**2 + 28*v + 26452. Calculate o(-64).
84
Let j(k) = 489*k**2 + 29*k + 96. Determine j(2).
2110
Let m(o) = -4*o**2 + 1299*o + 73246. Calculate m(-49).
-9
Let k(l) = 107477*l + 107521. Give k(-1).
44
Let k(t) = -21*t**3 + 7*t**2 + 15*t - 11. What is k(2)?
-121
Let a(g) = -g**3 - 5*g**2 - 1041*g - 6264. What is a(-6)?
18
Let j(w) = 3*w**2 + 34*w + 193. Give j(-4).
105
Let v(u) = -141*u + 14719. Calculate v(107).
-368
Let c(u) = 7*u + 448. What is c(-62)?
14
Let d(p) = p**3 - 73349*p**2 + 1393272*p - 33. What is d(19)?
5
Let j(v) = v**3 - 124*v**2 - 791*v + 67902. Calculate j(126).
-12
Let o(d) = 15383*d - 92338. What is o(6)?
-40
Let c(i) = -138*i**2 + 1007*i - 264. What is c(7)?
23
Let w(m) = 3*m**2 - 865*m - 13639. Calculate w(-15).
11
Let k(m) = m**3 + 173*m**2 - 336*m + 2342. Give k(-175).
-108
Let w(l) = -33*l**2 - 1721*l - 16912. Calculate w(-39).
14
Let n(c) = 25*c**3 - 255*c**2 - 282*c - 28. Give n(-1).
-26
Let r(q) = -42*q**2 + 8*q + 16. Give r(1).
-18
Let b(h) = h**2 + 579*h - 8903. What is b(15)?
7
Let p(w) = 70074*w - 17238202. What is p(246)?
2
Let f(c) = 4*c**3 + 104*c**2 + 146*c + 55. Determine f(-24).
1159
Let i(n) = 6*n**2 - 866*n - 3469. What is i(-4)?
91
Let k(i) = -152*i**2 - 85*i + 84. Give k(1).
-153
Let o(c) = 480*c + 40613. Give o(-77).
3653
Let y(d) = 898*d + 136486. What is y(-152)?
-10
Let v(i) = 9787*i + 1644226. Give v(-168).
10
Let y(c) = 229*c**2 + 29*c + 14. Determine y(-1).
214
Let a(l) = 3010*l - 129413. Determine a(43).
17
Let f(t) = 32370*t - 3593063. Calculate f(111).
7
Let b(k) = 3*k**3 + 165*k**2 - 7*k - 141. Give b(-55).
244
Let h(q) = -1066*q - 7828. What is h(-5)?
-2498
Let g(c) = 17*c**2 + 450*c - 34964. What is g(34)?
-12
Let t(n) = n**3 - 17*n**2 + 2414*n - 16412. Give t(7).
-4
Let b(q) = 78*q - 15202. What is b(191)?
-304
Let h(m) = -m**3 - 410*m**2 - 41624*m + 211. Determine h(-225).
-14
Let d(g) = 19*g**2 - 197*g + 1168. Give d(6).
670
Let z(r) = 71*r**2 + 8882*r + 426. Calculate z(-125).
-449
Let l(v) = -1175099*v**2 - 7050593*v + 12. Determine l(-6).
6
Let q(g) = 2*g**3 - 66*g**2 - 13*g + 77. Give q(32).
-2387
Let r(b) = -5*b**3 + 30*b**2 - 15*b + 152. Determine r(9).
-1198
Let a(o) = 80*o**3 + 325*o**2 + 200*o + 739. Calculate a(-4).
19
Let d(i) = -i**2 + 1404*i - 9769. Give d(7).
10
Let w(b) = -b**3 - 26*b**2 - 275*b - 19. What is w(-16)?
1821
Let b(z) = -471*z + 55954. Determine b(118).
376
Let w(g) = -4*g**2 + 694*g + 374. Determine w(176).
-1386
Let u(q) = -3093168*q + 27838522. Give u(9).
10
Let v(d) = 729*d**2 + 94777*d + 909. What is v(-130)?
-1
Let x(y) = y**3 + 17*y**2 - 78*y - 50. Give x(-12).
1606
Let q(f) = -8723*f + 18343. What is q(2)?
897
Let j(y) = y**2 + 296*y + 21896. Give j(-154).
28
Let k(s) = -s**3 + 8*s**2 + 360*s - 33. Determine k(0).
-33
Let f(n) = 3140*n + 47834. Calculate f(-15).
734
Let t(n) = -n**3 + 108*n**2 + 638*n - 8509. What is t(113)?
-260
Let t(a) = a**3 + 157*a**2 + 235*a + 12315. Determine t(-156).
-9
Let d(c) = 4*c**3 + 1375*c**2 - 1616*c + 37604. What is d(-345)?
-1
Let y(b) = -b**2 + 721*b - 22793. Determine y(33).
-89
Let x(p) = 626776*p + 4387419. Determine x(-7).
-13
Let a(j) = -j**2 + 20857*j - 333390. What is a(16)?
66
Let b(m) = -1041*m - 18289. Calculate b(-23).
5654
Let v(w) = -2518*w - 2301454. Determine v(-914).
-2
Let c(u) = 63879*u - 1022225. Determine c(16).
-161
Let g(i) = -i**3 + i**2 + 38*i - 184. Determine g(-9).
284
Let g(l) = -254*l + 81847. Give g(328).
-1465
Let w(m) = 23868*m + 119652. Determine w(-5).
312
Let z(w) = -208*w**3 + 829*w**2 - 8*w + 104. Determine z(4).
24
Let b(n) = -184692*n - 1292898. Calculate b(-7).
-54
Let d(k) = -2480*k**2 + 126481*k - 97. Determine d(51).
-46
Let g(m) = 7*m**2 - 39*m + 15. What is g(-14)?
1933
Let o(v) = 2*v**3 - 5*v**2 + 18884*v - 75593. Determine o(4).
-9
Let h(j) = 303*j**2 - 4261*j + 206. What is h(14)?
-60
Let g(c) = -2971*c + 8921. Determine g(3).
8
Let l(h) = 3*h**3 + 33*h**2 - 142*h - 38. Give l(4).
114
Let n(g) = -5*g**2 - 114162*g + 570838. Calculate n(5).
-97
Let u(q) = -328*q - 32517. Calculate u(-99).
-45
Let l(b) = 356*b + 78530. Give l(-219).
566
Let v(x) = 265*x**2 - 117125*x - 2185. Determine v(442).
25
Let y(w) = 9409*w - 56457. Give y(6).
-3
Let c(p) = 2*p**2 - 3733*p + 124616. What is c(34)?
6
Let t(q) = 20407*q + 10530006. Give t(-516).
-6
Let g(p) = 6*p + 1244. Give g(-208).
-4
Let x(g) = 568*g + 69115. What is x(-122)?
-181
Let j(n) = -n**2 - 2*n + 760. Determine j(27).
-23
Let z(p) = 3*p**3 - 49*p**2 - 147*p + 1877. Calculate z(15).
-1228
Let a(p) = 295*p**2 - 2312*p - 619. Determine a(8).
-235
Let j(r) = 17273*r + 86376. What is j(-5)?
11
Let i(g) = 2*g**3 - 91*g**2 + 215*g - 349. Calculate i(43).
-349
Let p(f) = f**3 - 316*f**2 - 302*f - 4642. Calculate p(317).
113
Let t(d) = d**3 + 107*d**2 - 3009*d + 428. What is t(23)?
-9
Let i(w) = w**3 - 37*w**2 + 1173*w - 40933. What is i(36)?
-1
Let c(l) = 2*l**3 - 263*l**2 + 241*l - 14414. What is c(131)?
-4
Let q(u) = -2*u**3 + 134*u**2 - 208*u - 3328. What is q(65)?
52
Let d(r) = -r**3 - 17*r**2 + 47*r + 1090. Give d(-17).
291
Let l(v) = -6917*v - 13844. Calculate l(-2).
-10
Let w(b) = -67*b**3 - 18*b**2 - 67*b - 18. What is w(-3)?
1830
Let f(x) = 4707*x + 3224296. What is f(-685)?
1
Let r(d) = 3*d**2 - 4296*d + 1532169. Calculate r(760).
9
Let c(a) = 7*a**3 + 8*a**2 - 2*a + 8. What is c(5)?
1073
Let s(g) = -g**3 + 22*g**2 + 22*g - 12. Calculate s(0).
-12
Let a(v) = v**3 + 57*v**2 + 15621*v + 91895. What is a(-6)?
5
Let q(d) = 6*d**3 - 77*d**2 - 37*d + 159. Give q(13).
-153
Let h(q) = -19*q**2 + 34563*q + 34569. Give h(-1).
-13
Let w(u) = 6*u**2 + 730*u + 2120. What is w(-3)?
-16
Let w(d) = -103*d + 4643. Determine w(46).
-95
Let m(v) = -42437*v - 85004. Determine m(-2).
-130
Let k(t) = 4*t**3 + 41*t**2 + 239*t + 12. Give k(-5).
-658
Let p(m) = 2*m**3 + 86*m**2 + 181*m - 207. Determine p(-3).
-30
Let m(f) = 5*f**2 + 3746*f - 312684. What is m(-825)?
-9
Let j(t) = t**2 - 78*t - 12354. What is j(159)?
525
Let q(f) = -f**3 - 405*f**2 - 726*f + 32244. Give q(-403).
4
Let n(b) = -7135*b - 42811. What is n(-6)?
-1
Let g(l) = -145*l + 26465. What is g(183)?